e the greatest common factor of y and f.
18
Let p = -4 - -7. Let h(q) be the second derivative of q**4/12 + 3*q**3/2 - 7*q**2/2 - 3*q. Let u be h(-10). Calculate the greatest common factor of p and u.
3
Let q(v) = 2*v - 21. Let u be q(12). Suppose -u*g + 12 + 12 = 0. Calculate the greatest common factor of 72 and g.
8
Let n be (-104)/6*-1 - (-2)/3. Calculate the greatest common divisor of n and 18.
18
Let w = 8 + -5. Suppose -i + 2*i + 4*m = 27, i - 22 = -w*m. Let z = i - -5. What is the highest common factor of z and 108?
12
Let l(p) = 22*p**2 - 5*p - 1. Let d be l(-1). What is the highest common divisor of d and 39?
13
Let s(v) = v**3 + 7*v**2 - v + 5. Let l be s(-7). What is the highest common factor of 12 and l?
12
Suppose -33 - 12 = -3*s. What is the greatest common factor of s and 15?
15
Let a = -11 - -23. Suppose 2*u - 2*d + 200 = 6*u, -5*d + 255 = 5*u. Let g be 1*(-4 + (u - -3)). Calculate the greatest common factor of a and g.
12
Suppose 2*f + 0*f = 22. Let a(w) = -w**3 - 17*w**2 - 2*w + 21. Let k be a(-17). What is the greatest common divisor of k and f?
11
Let f(a) = -8*a**3 - a**2 - 2*a. Let p be f(-2). Suppose 0 = -5*v + 101 + 59. Suppose -v = -3*k - k. What is the highest common factor of k and p?
8
Let d = -20 + 90. Suppose 5*r - 55 = 4*r. Suppose -3*l + r = -5*h, h = -0*h - 5. What is the highest common divisor of l and d?
10
Suppose 0*h = 3*h + 18. Let a = h - -8. Suppose 0 = a*z - 2, 3*z - 123 = -4*b. What is the greatest common divisor of b and 15?
15
Let b = -2 - 1. Let t be (4*6 - -3) + b. Calculate the highest common factor of t and 3.
3
Let m(r) = -r**2 + 2*r + 33. Let w be m(0). What is the highest common factor of w and 3?
3
Let s = -18 - -30. Let z = 75 + -45. What is the greatest common factor of z and s?
6
Suppose -2*y - 38*m + 31 = -37*m, y + 2 = 3*m. Let k be (0 + -4)*13/(-4). Calculate the greatest common divisor of k and y.
13
Suppose 0 = 2*j - 19 - 11. Let h(v) = 4*v - 2. Let b be h(5). Let m = 33 - b. What is the greatest common factor of j and m?
15
Suppose 4*z = 2*z + 4*q + 10, -q = 4*z - 65. Suppose -3*i + 42 = 3*r, -4*i - 2*r + 38 = -i. What is the greatest common factor of i and z?
5
Let c be (-8)/2 - (-20 + -1). What is the greatest common divisor of 17 and c?
17
Let d = 4 + 10. Let y(q) = 2 - 4 - 20*q - 16*q. Let i be y(-2). What is the greatest common factor of d and i?
14
Suppose 2*h - 3*h + 1 = 0. Let x be 25/h - (1 + 0). Calculate the greatest common divisor of 12 and x.
12
Suppose -3*a + 7*a - 5*t - 435 = 0, 5*t = 5. Let x = 125 + -81. Calculate the greatest common divisor of a and x.
22
Suppose 4*a = 5*a + 2*j - 37, 0 = 5*a - 4*j - 185. Calculate the highest common divisor of a and 259.
37
Suppose i = 2*i - 42. Calculate the greatest common divisor of i and 14.
14
Suppose 2*g - 6 = 16. Let w(m) = -m**3 - 9*m**2 - 14*m - 5. Let k be w(-9). Calculate the highest common divisor of g and k.
11
Let v be 2 - 3*(-5)/3. Calculate the highest common divisor of 21 and v.
7
Suppose u + 3*t = 63, t = 4*u - 148 - 52. Let a = 75 - u. Suppose -3*h + 2*h + 56 = 4*f, 3*f = h - 63. Calculate the highest common divisor of h and a.
12
Let a(t) = -t**2. Let y be a(-4). Let d(g) = -g**3 - 16*g**2 - g - 7. Let i be d(y). Calculate the highest common divisor of 18 and i.
9
Suppose 0 = -4*y + y + 36. Suppose -3*t = -6, -2*h = -5*h + 5*t + 386. Calculate the highest common divisor of y and h.
12
Suppose -4*t + 3*t = -10. Let x be ((-30)/(-5))/((-3)/((-60)/8)). What is the greatest common factor of t and x?
5
Suppose 5*o + 51 = 16. Let x = -1 - o. What is the greatest common factor of 9 and x?
3
Let u be 1 + -1 + 54/2. Let p be (12 + -1)*(3 + -4). Let k = p + 29. Calculate the greatest common factor of k and u.
9
Let n = -6 + 4. Let m = n - -2. Suppose m*r + 665 = 5*r. Calculate the greatest common factor of 19 and r.
19
Let m(v) = 7*v + 9. Let f be m(-1). What is the greatest common divisor of f and 18?
2
Let i(a) = -a - 6 - 20*a - 24*a + 4. Let w be i(-2). Suppose -t + 27 = 5*y - y, 57 = 4*y - 5*t. What is the greatest common factor of y and w?
8
Let i(u) = 6*u**2 + 6*u - 4. Let l be i(5). What is the highest common divisor of l and 22?
22
Let w(y) = -2*y + 16. Let v be w(0). Suppose 5*d + 262 = 982. What is the highest common divisor of d and v?
16
Suppose -236 = k - 5*k. Suppose k = m - 40. What is the greatest common divisor of m and 9?
9
Suppose 28 = 5*m - m. Suppose -o + 10 = -m. Suppose -2*p + 3 = -o. What is the highest common factor of p and 40?
10
Let p be 5/25 + (-88)/(-10). Calculate the highest common factor of 27 and p.
9
Let x be 760/48 - 5 - (-1)/6. Suppose p = -0*p + 121. Calculate the greatest common divisor of p and x.
11
Let r = -27 + 71. Suppose 9 = -3*n, h - 1 = -5*n + r. What is the greatest common divisor of 10 and h?
10
Let m(h) = h**2 - 4*h - 4. Let c be m(4). Let z = 6 + c. Suppose 4 = l - f, -3*l + z*f + 0*f + 14 = 0. What is the greatest common factor of 66 and l?
6
Suppose 0 = 253*o - 254*o + 1. What is the highest common factor of 4 and o?
1
Suppose 0*g + 396 = 9*g. Calculate the highest common divisor of g and 4.
4
Let a(r) be the first derivative of 9*r**2/2 - 14*r + 2. Let y be a(6). Calculate the greatest common factor of y and 100.
20
Suppose 0 = 5*d - 3*v - 66, -2*v + 12 = 2*v. Let p = 20 - d. Calculate the greatest common factor of 10 and p.
5
Suppose 0 = -0*h + 5*h + 15. Let s be h/(-21) + (-612)/(-28). Calculate the highest common divisor of 2 and s.
2
Let u be 2/((-6)/33)*2. Let j = 32 + u. What is the highest common divisor of j and 10?
10
Let y = -62 + 89. What is the greatest common factor of 9 and y?
9
Let l(h) be the second derivative of h**5/20 - 3*h**4/4 + 2*h**3 - 6*h**2 - 5*h. Let v be l(8). What is the greatest common divisor of v and 5?
5
Let i = 83 - 41. Suppose 4*c - c = 5*j - i, 2*j = -2*c + 20. Suppose -g + 11 + j = 0. What is the highest common divisor of 40 and g?
20
Suppose 0 = -u + 2*q + 20, -3*u + 3*q = -4*u + 35. What is the highest common divisor of 130 and u?
26
Let u(r) = -r**2 + 6*r - 4. Let y(s) = s - 2. Let p be y(6). Let c be u(p). Let v(q) = -2*q + 2. Let i be v(-2). What is the greatest common divisor of i and c?
2
Let p = -43 - -97. Calculate the highest common factor of p and 6.
6
Let l = 84 + -45. Calculate the highest common divisor of 13 and l.
13
Let q = -9 + 27. Suppose -4*b + 35 = -3*b. Suppose 4*w - b = -5*r, -3*w = -0*w + r - q. Calculate the highest common divisor of 5 and w.
5
Let w(d) = -d - 5. Let g be w(7). Let r be (g/(-14))/((-2)/(-14)). Calculate the highest common divisor of r and 4.
2
Suppose m + 149 - 19 = 3*v, -3*m = 2*v - 72. What is the highest common divisor of v and 24?
6
Let m = -17 + 21. What is the highest common factor of 36 and m?
4
Let c be (1 - 0)/(2/14). Let d = -211 - -212. What is the greatest common factor of c and d?
1
Suppose -1100 = -5*l - 0*l. Let s be -1*(-4)/((-4)/2). Let o be 80/s*2/(-4). What is the highest common factor of l and o?
20
Let r = 6 - 4. Suppose -g - 55 = -r*g. Let w = 90 + -68. What is the highest common divisor of w and g?
11
Suppose w + 2*w = 21. Suppose 4*x = -2*j - x - 21, -j - 5*x = 23. Suppose 2*o + j - 4 = 0. What is the highest common factor of w and o?
1
Suppose -5*l + 2*i + 18 = 0, -i = 5*l + 3*i - 24. Let m be -3*(8/3)/(-4). Let r be (0 + m)/(1/l). What is the greatest common factor of r and 8?
8
Suppose 0*l - 3 = -3*l - 3*j, 4*l = -5*j + 2. What is the highest common factor of l and 9?
3
Let p(n) = 10*n - 5. Let o be p(4). Suppose 5*r - 33 - 2 = 5*l, -5*r + l + o = 0. Calculate the greatest common factor of 14 and r.
7
Let n(t) = t**3 - 2*t**2 - t - 2. Let a be n(3). Suppose -x + a = 2. What is the greatest common divisor of x and 18?
2
Let z be (5/2)/(4/8). Let o(r) = r**3 + 7*r**2 - 7*r + 18. Let v be o(-8). Calculate the highest common divisor of z and v.
5
Let w(v) be the third derivative of -v**6/120 + 3*v**5/20 - v**4/4 - 11*v**3/6 - v**2. Let l be w(8). What is the highest common factor of 5 and l?
5
Let c = 324 + -100. Calculate the greatest common divisor of 28 and c.
28
Suppose 15*n = 19*n - 120. What is the greatest common divisor of 10 and n?
10
Suppose 3*x = 9 + 6. Let s be ((-14)/5)/((-2)/10). Suppose s = 3*i - 31. Calculate the highest common divisor of x and i.
5